, what is 1303010 - -21?
1303031
In base 5, what is 3 - -41424134?
41424142
In base 3, what is 101200202012 - -10?
101200202022
In base 16, what is 2063 + -2?
2061
In base 12, what is 5 + 84948?
84951
In base 13, what is -6 - -3b32?
3b29
In base 13, what is 3825 + -1?
3824
In base 15, what is 1795b - 1?
1795a
In base 12, what is 48 + 291?
319
In base 3, what is 110212100 - -11?
110212111
In base 15, what is -3 - -110698?
110695
In base 7, what is -31 - -10413?
10352
In base 6, what is -3 + -23332?
-23335
In base 3, what is -20001 - -12221?
-10
In base 3, what is 2011002020 + 20?
2011002110
In base 13, what is 4 + -3808?
-3804
In base 10, what is 1925 + 5?
1930
In base 3, what is 1020210102 - -2012?
1020212121
In base 11, what is 6202a - 0?
6202a
In base 4, what is -11 - 3232003?
-3232020
In base 3, what is 2012 + 200211?
210000
In base 8, what is -1436 + 55?
-1361
In base 8, what is 55713 + 2?
55715
In base 2, what is 10001010000 + 110111?
10010000111
In base 15, what is 1a - -84cd?
84e8
In base 7, what is 530014 - -44?
530061
In base 8, what is 0 - -206373?
206373
In base 5, what is -12302 - -2?
-12300
In base 11, what is -1145 - 0?
-1145
In base 5, what is 122113201 + 0?
122113201
In base 2, what is 10110011111011 - -110?
10110100000001
In base 12, what is 62 + -262?
-200
In base 14, what is 60704 - 1?
60703
In base 10, what is -197205 + -2?
-197207
In base 11, what is -3507a6 + 4?
-3507a2
In base 6, what is -21 + 11123?
11102
In base 6, what is 102 + -13441?
-13335
In base 15, what is -9e - 555?
-604
In base 16, what is -4ea + 149?
-3a1
In base 15, what is 2c4 - d?
2b6
In base 7, what is 4 - 55535?
-55531
In base 3, what is 11002020202 - 10?
11002020122
In base 3, what is 21 + 1210212120?
1210212211
In base 7, what is -152 + 1563?
1411
In base 3, what is 202121220 + 1110?
202200100
In base 12, what is 758 - 213?
545
In base 14, what is 5 + 78abd?
78ac4
In base 12, what is -156262 + 1?
-156261
In base 4, what is 11 - 32220023?
-32220012
In base 8, what is 1653544 - -5?
1653551
In base 6, what is -1553054 + -14?
-1553112
In base 4, what is 12 - -2300221?
2300233
In base 14, what is -12d3a + 9?
-12d31
In base 9, what is -16124 + -6?
-16131
In base 3, what is 10212021 + -10?
10212011
In base 9, what is 7 - -4140?
4147
In base 3, what is 2110 - -1221020?
2000200
In base 2, what is -101 + 11011010000111001001?
11011010000111000100
In base 14, what is 1 + -19aa2?
-19aa1
In base 4, what is -1031323212 - 2?
-1031323220
In base 3, what is -100002012200 - 2?
-100002012202
In base 11, what is 107 + -104?
3
In base 11, what is -2 + -a370?
-a372
In base 8, what is 5 - 20277?
-20272
In base 3, what is 200102 + 122101?
1022210
In base 7, what is -525402 + -15?
-525420
In base 3, what is -11 - 111202120?
-111202201
In base 3, what is -2111 + -10201122?
-10211010
In base 6, what is 1012555 + 4?
1013003
In base 2, what is -100010010111111110 - 1?
-100010010111111111
In base 11, what is 178a + 4a7?
2186
In base 11, what is 268 + -360?
-a3
In base 2, what is 11001000 + -1010010?
1110110
In base 9, what is -3 - 37473?
-37476
In base 11, what is 13 + -145?
-132
In base 15, what is -62 - -4?
-5d
In base 7, what is 3 + 34141?
34144
In base 14, what is -38 - -1aad?
1a75
In base 2, what is -11 - 11110100000011?
-11110100000110
In base 6, what is -1110001250 - 0?
-1110001250
In base 3, what is 2 - 12001120112?
-12001120110
In base 14, what is 2454 + 30?
2484
In base 6, what is -51 + -5245?
-5340
In base 13, what is 213 - 86?
15a
In base 7, what is 102 - -41461?
41563
In base 3, what is 0 - -210011002?
210011002
In base 16, what is -ff12 + -5?
-ff17
In base 12, what is 67278 - -3?
6727b
In base 10, what is 1547 + -39?
1508
In base 6, what is 3 - -50135343?
50135350
In base 10, what is 6356 - -92?
6448
In base 3, what is 100211011111 - -12?
100211011200
In base 4, what is -11111011 + -23?
-11111100
In base 4, what is -1120232 - -20130?
-1100102
In base 13, what is -2825 - 3?
-2828
In base 14, what is -c9d + 28?
-c75
In base 13, what is -4 - -1155c6?
1155c2
In base 6, what is 1 + 45211512?
45211513
In base 8, what is -274116 + 5?
-274111
In base 16, what is 1381 + 4?
1385
In base 5, what is -102140 + -2141?
-104331
In base 9, what is 475 - 212?
263
In base 15, what is -8e64c4 + -2?
-8e64c6
In base 6, what is -10 + 11520?
11510
In base 13, what is -1 + -356b?
-356c
In base 14, what is -50 - -239?
1c9
In base 5, what is 0 + -2422204?
-2422204
In base 15, what is -36e + 255?
-119
In base 14, what is -1138a - -5?
-11385
In base 4, what is -20100 - 210002?
-230102
In base 2, what is -11111010010 + 1110010?
-11101100000
In base 2, what is -10000111 - 1?
-10001000
In base 7, what is -4 + 3433626?
3433622
In base 9, what is -104687 - -1?
-104686
In base 10, what is -52 + 183?
131
In base 14, what is 4 - -29b8?
29bc
In base 8, what is 576 + -210?
366
In base 2, what is -11010000011 - -101?
-11001111110
In base 14, what is -5 + b3a2b?
b3a26
In base 14, what is 16677 - a?
1666b
In base 12, what is -52b + -2016?
-2545
In base 6, what is -124440 - -4?
-124432
In base 3, what is 1121121222222 - 12?
1121121222210
In base 12, what is 22 + -22b?
-209
In base 4, what is 210101 - 333?
203102
In base 12, what is -73720 - -3?
-73719
In base 14, what is 785c + 3?
7861
In base 10, what is 273 - -21507?
21780
In base 2, what is 1 + -10111100111010?
-10111100111001
In base 5, what is 123 + 4240021?
4240144
In base 14, what is -1c - -22a1?
2283
In base 5, what is -24420023 - -3?
-24420020
In base 8, what is -104140 - -61?
-104057
In base 15, what is -b26 + 27?
-aee
In base 5, what is -14 + 31023?
31004
In base 13, what is b + -70b0?
-70a2
In base 16, what is 1d + -41b?
-3fe
In base 16, what is -7 - f0d?
-f14
In base 12, what is 3 - 620a?
-6207
In base 11, what is -a943a3 + 0?
-a943a3
In base 9, what is 353 + 1811?
2264
In base 6, what is -233145 - 13?
-233202
In base 8, what is 0 - -676267?
676267
In base 3, what is 1122200220 - -12?
1122201002
In base 13, what is -2 - -20522?
20520
In base 9, what is -52425 + -8?
-52434
In base 7, what is -10365650 + 2?
-10365645
In base 13, what is 31 + b747?
b778
In base 6, what is 233 - -1234254?
1234531
In base 7, what is -2603 - -25?
-2545
In base 16, what is -3 - -8550?
854d
In base 2, what is 100 + 100110001110?
100110010010
In base 16, what is -1eec8 + -13?
-1eedb
In base 3, what is 12100101 + 2?
12100110
In base 13, what is -1 + 3157?
3156
In base 4, what is 111 + -203102022?
-203101311
In base 8, what is -114 + -3316?
-3432
In base 11, what is -59 + 2323?
2275
In base 12, what is -2291a + 0?
-2291a
In base 3, what is 2121002 + 101?
2121110
In base 3, what is 202202101 + 110112?
210012220
In base 12, what is -1 + -44505b?
-445060
In base 11, what is -298595 - -3?
-298592
In base 11, what is -12 + -26469?
-26480
In base 7, what is -4 + -503263?
-503300
In base 2, what is 11110001000110111 + -1010?
11110001000101101
In base 5, what is 12312 - -14?
12331
In base 7, what is 422 - 50062?
-46340
In base 8, what is 2137 - 3?
2134
In base 5, what is -210004 - 0?
-210004
In base 8, what is 30 - -46?
76
In base 4, what is 100321 - 12230?
22031
In base 9, what is 4402 - -281?
4683
In base 6, what is -1040 - 130531?
-132011
In base 5, what is 13113 + 1141?
14304
In base 15, what is -246 + e?
-237
In base 7, what is 41004 - 31?
40643
In base 8, what is -135 + 17507?
17352
In base 5, what is 42 + 423024?
423121
In base 16, what is 4 + -f6a4?
-f6a0
In base 14, what is -6b + -223?
-290
In base 9, what is -76510 + 6?
-76503
In base 6, what is -1251 + -21342?
-23033
In base 14, what is -32273 - -4?
-3226d
In base 11, what is 407 + 151?
558
In base 10, what is -8542 - -10?
-8532
In base 9, what is -51 - -44857?
44806
In base 5, what is 342211312 - 4?
342211303
In base 2, what is 1001100100 + -111111110?
1100110
In base 12, what is -35212a + 1?
-352129
In base 9, what is 3020 - 11?
3008
In base 11, what is 417 - 1958?
-1541
In base 9, what is -4 - -4826?
4822
In base 14, what is -b315 + -3?
-b318
In base 6, what is 2230 - 20141?
-13511
In base 5, what is -404 + -2343140?
-2344044
In base 15, what is -1 - -e65?
e64
In base 7, what is -63622 + -2?
-63624
In base 11, what is -437 + -45?
-481
In base 12, what is 32889 - 1?
32888
In base 14, what is -17 + 1984c?
19835
In b